29 a composite number?
False
Is 9978809 prime?
False
Is 12448939 prime?
True
Is 1131251 composite?
True
Is 1945673 a prime number?
True
Is 54072913 a prime number?
True
Is 49824769 composite?
False
Is 69020905 a prime number?
False
Is 490367 a prime number?
True
Is 3691361 prime?
False
Is 2654119 a prime number?
False
Is 918311 a prime number?
False
Is 136878829 composite?
True
Is 2272111 prime?
False
Is 161706982 composite?
True
Is 652957807 a prime number?
True
Is 310199569 composite?
False
Is 75836773 composite?
True
Is 36956683 prime?
False
Is 188616443 a composite number?
False
Is 27594703 prime?
True
Is 78399379 a prime number?
True
Is 1540423 a composite number?
False
Is 14825101 a prime number?
True
Is 45641129 composite?
False
Is 1184041 prime?
False
Is 3743654 prime?
False
Is 18205597 a composite number?
False
Is 204617 a composite number?
True
Is 107395877 prime?
True
Is 42573341 a composite number?
True
Is 20476527 a prime number?
False
Is 449201 a composite number?
False
Is 6888793 composite?
False
Is 40769543 a composite number?
True
Is 25411405 a prime number?
False
Is 1979489 prime?
True
Is 1672301 a prime number?
True
Is 146761333 composite?
False
Is 3904829 prime?
True
Is 659369 a composite number?
True
Is 48699761 a composite number?
True
Is 3651267 composite?
True
Is 4519253 a composite number?
True
Is 807087 a prime number?
False
Is 28141 composite?
True
Is 1687289 a prime number?
True
Is 18424977 composite?
True
Is 1718083 a composite number?
False
Is 138113617 composite?
True
Is 34303601 prime?
True
Is 25068089 a prime number?
True
Is 69532231 a composite number?
False
Is 25955249 a composite number?
False
Is 40396297 composite?
True
Is 6507701 a composite number?
False
Is 24302363 prime?
False
Is 778931 composite?
True
Is 70027346 prime?
False
Is 7276219 prime?
True
Is 32091713 a prime number?
True
Is 32434273 prime?
False
Is 7302079 a prime number?
True
Is 219251 prime?
True
Is 86651987 composite?
False
Is 33604339 composite?
True
Is 101448679 composite?
False
Is 1553445617 prime?
True
Is 599876411 prime?
True
Is 245197943 composite?
False
Is 8981221 a composite number?
True
Is 28978619 a composite number?
False
Is 2270923 composite?
True
Is 18656759 prime?
False
Is 2137127 prime?
False
Is 3230569 composite?
True
Is 69161641 prime?
True
Is 565943095 a prime number?
False
Is 1017386 composite?
True
Is 196263409 prime?
False
Is 991331 prime?
False
Is 658507 composite?
False
Is 31552477 a composite number?
True
Is 15642469 composite?
False
Is 9967521 composite?
True
Is 7946426 a prime number?
False
Is 5156773 a composite number?
False
Is 6191377 a composite number?
True
Is 13181149 composite?
False
Is 6271903 a composite number?
True
Is 309217373 a prime number?
False
Is 110679329 prime?
True
Is 848803741 prime?
True
Is 65536799 prime?
False
Is 7073137 a composite number?
False
Is 434081 a composite number?
False
Is 131196589 a prime number?
False
Is 3451871 a prime number?
True
Is 4129531 prime?
False
Is 10483817 a composite number?
True
Is 251257 prime?
True
Is 95509 a prime number?
False
Is 35971499 composite?
False
Is 46535471 prime?
True
Is 5726129 prime?
True
Is 522623147 a composite number?
True
Is 4696157 a composite number?
True
Is 1762181 prime?
False
Is 44496449 a composite number?
True
Is 7722707 a prime number?
True
Is 6477617 prime?
False
Is 3352577 composite?
True
Is 46178609 a composite number?
False
Is 1670944373 composite?
True
Is 377593673 composite?
False
Is 17407379 composite?
True
Is 14296889 prime?
True
Is 20814667 prime?
False
Is 106859957 a composite number?
True
Is 775426807 prime?
False
Is 46659349 a composite number?
True
Is 7103077 composite?
False
Is 541666 prime?
False
Is 151773415 a composite number?
True
Is 80296361 composite?
False
Is 1190699 a composite number?
False
Is 4960063 a composite number?
True
Is 98432723 a composite number?
False
Is 72164597 composite?
False
Is 21241421 a prime number?
True
Is 6375931 a composite number?
False
Is 1689209 a prime number?
False
Is 1172658983 prime?
True
Is 22350847 composite?
False
Is 503044205 prime?
False
Is 200569 prime?
True
Is 272020313 composite?
False
Is 616993459 composite?
False
Is 7081901 composite?
True
Is 46037311 a prime number?
False
Is 47879957 prime?
False
Is 2843619 a composite number?
True
Is 34829461 a composite number?
True
Is 23252869 prime?
True
Is 58108243 a composite number?
False
Is 268385759 a prime number?
True
Is 96833 prime?
False
Is 20410793 a prime number?
False
Is 25593349 composite?
False
Is 6363877 a composite number?
True
Is 596441353 a composite number?
True
Is 69628985 a prime number?
False
Is 5202983 prime?
False
Is 4228913 composite?
True
Is 60622961 composite?
True
Is 978518659 composite?
False
Is 5825793 composite?
True
Is 8257829 a prime number?
True
Is 11557893 a composite number?
True
Is 12680981 a prime number?
False
Is 6890405 composite?
True
Is 4608665 a composite number?
True
Is 122520809 a prime number?
False
Is 5358797 a prime number?
True
Is 4076159 a prime number?
False
Is 1444339 composite?
True
Is 1237037 prime?
True
Is 94427569 composite?
False
Is 20295479 a composite number?
False
Is 8818031 composite?
True
Is 39442691 prime?
True
Is 68741 a composite number?
True
Is 11656387 a composite number?
False
Is 510086951 prime?
False
Is 883921 a composite number?
False
Is 276009 prime?
False
Is 26607611 prime?
True
Is 49016089 a composite number?
False
Is 4745401 a composite number?
False
Is 45787163 composite?
True
Is 8989459 a prime number?
True
Is 49457087 a prime number?
True
Is 87742801 prime?
False
Is 22821457 a composite number?
True
Is 7694189 a prime number?
True
Is 8340529 a prime number?
True
Is 989589 a prime number?
False
Is 44244079 a composite number?
True
Is 306216497 a composite number?
False
Is 6716495 a composite number?
True
Is 128817179 prime?
True
Is 178319 a composite number?
True
Is 643471817 a composite number?
False
Is 3966503 a prime number?
True
Is 101987987 composite?
False
Is 57030041 a prime number?
False
Is 7495003 composite?
False
Is 8124461 composite?
False
Is 752366 a prime number?
False
Is 4111333 composite?
False
Is 2068693823 a prime number?
False
Is 185002579 a composite number?
False
Is 12218419 a prime number?
False
Is 1884262013 prime?
True
Is 3858143 prime?
True
Is 5625553 a composite number?
False
Is 71962274 prime?
False
Is 916459 a composite number?
True
Is 2303853 a composite number?
True
Is 627637 composite?
False
Is 24571067 a prime number?
True
Is 5120231 prime?
True
Is 7718983 a composite number?
True
Is 368635 a composite number?
True
Is 23537737 a composite number?
False
Is 119140397 a composite number?
False
Is 6914861 a prime number?
True
Is 322323 a composite number?
True
Is 1101197 composite?
True
Is 296081 composite?
True
Is 46215931 composite?
True
Is 166051157 a prime number?
True
Is 2616019 prime?
False
Is 9364177 prime?
True
Is 1919499 a composite number?
True
Is 4099889 a composite number?
False
Is 1805906 prime?
False
Is 84179 a composite number?
False
Is 163465535 composite?
True
Is 3039509 a prime number?
False
Is 29555779 composite?
True
Is 13473969 a prime number?
False
Is 126686513 composite?
False
Is 11530117 a composite number?
False
Is 3994817 composite?
False
Is 76598153 composite?
False
Is 7752491 a prime number?
False
Is 4937051 composite?
True
Is 95369 prime?
True
Is 827683 composite?
True
Is 3799421 a prime number?
False
Is 337902911 composite?
True
Is 7125997 a prime number?
False
Is 33518783 composite?
False
Is 492845019 a prime number?
False
Is 602422 composite?
True
Is 73266863 a prime number?
True
Is 73427 a composite number?
True
Is 3018837 prime?
False
Is 8489983 prime?
False
Is 1901119 a composite number?
True
Is 1918079 prime?
True
Is 79616577 composite?
True
Is 33950174 prime?
False
Is 2596227 a prime number?
False
Is 24938657 prime?
True
Is 302087641 a prime number?
False
Is 19583686 a composite number?
True
Is 9751097 composite?
True
Is 461309 a composite number?
False
Is 4698809 prime?
False
Is 2523199 prime?
False
Is 8779 composite?
False
Is 14938481 prime?
True
Is 47736097 composite?
False
Is 257183959 prime?
False
Is 50485958 prime?
False
Is 8644267 composite?
True
Is 3078329 composite?
False
Is 763053